-345016546
In base 16, what is 2060d5 + -1?
2060d4
In base 10, what is 16326421 + -3?
16326418
In base 5, what is -340324 + -1233?
-342112
In base 13, what is 482545 + 2?
482547
In base 3, what is 120011 - 1210100010212?
-1210022120201
In base 6, what is -105023312034 - -3?
-105023312031
In base 11, what is -3 - -1403a001?
14039aa9
In base 15, what is -5 + -42bbd9c?
-42bbda2
In base 9, what is 473301285 - 5?
473301280
In base 16, what is bd46 - -a?
bd50
In base 7, what is -11224246 + 31?
-11224215
In base 2, what is 1000010011000111110 + 111?
1000010011001000101
In base 9, what is -345 - 8012775?
-8013231
In base 5, what is -102133 - -24104010?
24001322
In base 15, what is -1eaa8 + 83?
-1ea25
In base 13, what is 1 - 79331a5?
-79331a4
In base 9, what is -141143323 + 0?
-141143323
In base 10, what is 362668 + 3?
362671
In base 15, what is 35 + -8b1e?
-8ad9
In base 9, what is -2548848871 - 2?
-2548848873
In base 12, what is 0 + a194143?
a194143
In base 5, what is -33113311 + 141?
-33113120
In base 16, what is -11f8c9 + 116?
-11f7b3
In base 9, what is -37006 + -417?
-37424
In base 2, what is -111001111100 + -1100111010?
-1000110110110
In base 5, what is 4 - 2430442440?
-2430442431
In base 2, what is -1000110101 + -1101111111111?
-1111000110100
In base 15, what is -b2 - 39a03?
-39ab5
In base 2, what is -1111 + -10001011001011011101111100?
-10001011001011011110001011
In base 7, what is 3 - 666363562?
-666363556
In base 7, what is -1333502 + -30?
-1333532
In base 13, what is 1bb319 - 240?
1bb0a9
In base 16, what is 3be40 + -65?
3bddb
In base 14, what is 3d6 + -695c9?
-691d3
In base 10, what is -5 + 3620778?
3620773
In base 12, what is 59166 + 18?
59182
In base 7, what is -520332 + 6324?
-511005
In base 12, what is 186 + -20544?
-2037a
In base 14, what is 2cd2943 + 2?
2cd2945
In base 2, what is -1100100110010001 - 1111100?
-1100101000001101
In base 3, what is -12021 - -112020111?
112001020
In base 3, what is 1221001112 - -2100?
1221010212
In base 6, what is 1235244034 - -243?
1235244321
In base 6, what is -3215501413 - -4?
-3215501405
In base 14, what is -5196c + 1c1?
-5178b
In base 10, what is -1386 + -18270?
-19656
In base 6, what is 4224340254 + 3?
4224340301
In base 6, what is -53022444 - 303?
-53023151
In base 2, what is 1000 + -1110110001010011100100?
-1110110001010011011100
In base 8, what is -26565471 + 1?
-26565470
In base 16, what is -6 + -212b96?
-212b9c
In base 9, what is 5 + -765543?
-765537
In base 14, what is -1 - -3bc93?
3bc92
In base 11, what is 929697a - 1?
9296979
In base 12, what is -73a7508 - 5?
-73a7511
In base 16, what is -4 - -455036?
455032
In base 6, what is -125503541033 - 0?
-125503541033
In base 10, what is -327279 - -94?
-327185
In base 7, what is 2 + -125115125?
-125115123
In base 13, what is -2 + -7618a93?
-7618a95
In base 12, what is -2639 + 31728?
2b0ab
In base 9, what is -18822 + -1143?
-21065
In base 4, what is -120031130032102 + -11?
-120031130032113
In base 8, what is 361251170 + 4?
361251174
In base 14, what is 4749 - b?
473c
In base 4, what is 31033133 - 233?
31032300
In base 11, what is -20 - 9982a?
-9984a
In base 10, what is 2361209 - -7?
2361216
In base 11, what is a52 + a197?
10139
In base 8, what is 5 + -22777150?
-22777143
In base 16, what is -2a - 36402?
-3642c
In base 12, what is -1a01750 + -3?
-1a01753
In base 4, what is -20123302011223 + -11?
-20123302011300
In base 2, what is 1000001011 + 10011000100010?
10100000101101
In base 15, what is -286c + 880?
-1edc
In base 15, what is -b21 + -15a1e?
-16640
In base 14, what is -6 - -406b5b2?
406b5aa
In base 3, what is -20102212 - 111111?
-20221100
In base 2, what is -1000111000111100110010 + 11110111?
-1000111000111000111011
In base 11, what is -2 + a44837?
a44835
In base 16, what is -31db - 3268?
-6443
In base 7, what is 316 + 3401330?
3401646
In base 11, what is 219 - -761676?
761894
In base 3, what is 21 - 1002010001100?
-1002010001002
In base 11, what is 16 - -4762184?
476219a
In base 4, what is 31020113300 - -3?
31020113303
In base 5, what is 1 - 1202311013?
-1202311012
In base 10, what is -17034258 + -3?
-17034261
In base 15, what is dd8648a + 5?
dd86490
In base 10, what is 1443647 - -38?
1443685
In base 5, what is 10 + 401442112?
401442122
In base 10, what is -973456 + -96?
-973552
In base 8, what is 6267736 - 11?
6267725
In base 4, what is -113303 + 303300?
123331
In base 11, what is 2 - -17703476?
17703478
In base 9, what is -13614 + -24482?
-38206
In base 11, what is 139 - -93395?
93523
In base 12, what is -34 - 23676?
-236aa
In base 5, what is -34 - 201114431?
-201120020
In base 15, what is -105405 + -a7?
-1054ac
In base 7, what is 33 + -1355654532?
-1355654466
In base 3, what is -10120122221 + -120022?
-10121020020
In base 2, what is -1110111111110110111110 + -10?
-1110111111110111000000
In base 15, what is 16a844 - a0?
16a794
In base 4, what is 102032321020 - 2?
102032321012
In base 8, what is -140 - 1350013?
-1350153
In base 16, what is -1480fb69 + 0?
-1480fb69
In base 3, what is 1022 + 201120222102001?
201120222110100
In base 6, what is -23 - 33311422?
-33311445
In base 15, what is 5 + 9ad692?
9ad697
In base 12, what is -40a4 - -191b5?
15111
In base 13, what is 136665 + 7?
13666c
In base 10, what is -468200096 - -4?
-468200092
In base 8, what is -4525 - -2232?
-2273
In base 14, what is -1048 - 2d899?
-30903
In base 14, what is 247390 + -12?
24737c
In base 10, what is -12198 - -21410?
9212
In base 14, what is -db0990 - 6?
-db0996
In base 10, what is -149130 - -1452?
-147678
In base 3, what is 0 - 2020101021021?
-2020101021021
In base 16, what is -f9ad + ce8?
-ecc5
In base 11, what is 248a - -173a0?
1987a
In base 16, what is -4eb5 - -50?
-4e65
In base 15, what is 684d54 + 3?
684d57
In base 15, what is 2453 - -156?
25a9
In base 15, what is 60 - -2d9847?
2d98a7
In base 15, what is 44c9 + -3b?
448d
In base 8, what is 1 - -1144115?
1144116
In base 6, what is -2132144 - -1222?
-2130522
In base 14, what is 39c + 1013?
13b1
In base 2, what is -11101111011 + -111011111000?
-1011001110011
In base 5, what is -111 + 224321143?
224321032
In base 3, what is -22001110220001 - 2?
-22001110220010
In base 2, what is -1000110111001000000101 - 100000011?
-1000110111001100001000
In base 9, what is -355 - 4447?
-4813
In base 3, what is -1120 - 12210021102112?
-12210021111002
In base 12, what is 22b1993 - -b0?
22b1a83
In base 11, what is 24 + 54882?
548a6
In base 10, what is 2822251 - -3?
2822254
In base 3, what is 0 - -211021010222120?
211021010222120
In base 11, what is -6218 - -334?
-5994
In base 6, what is 55 + -24300354?
-24300255
In base 6, what is 0 + 5034050253?
5034050253
In base 5, what is 3434111221 + 203?
3434111424
In base 7, what is 30213 + -15605?
11305
In base 3, what is 110212220 - -1002121012?
1120111002
In base 12, what is -1275a + -a3?
-12841
In base 16, what is -b96 + -4b85?
-571b
In base 7, what is 1516430036 + 0?
1516430036
In base 6, what is 3424435 + -221?
3424214
In base 2, what is 10110110011110100000 - 11010?
10110110011110000110
In base 15, what is -4a - -5e55c?
5e512
In base 12, what is 3983a43 - 0?
3983a43
In base 12, what is -28 + 28847b?
288453
In base 16, what is 2dbff81 + -1?
2dbff80
In base 12, what is -134109285 + -1?
-134109286
In base 2, what is -10001 + -1000011101100101010011?
-1000011101100101100100
In base 5, what is -22144222 - -321?
-22143401
In base 11, what is -46140 - 26?
-46166
In base 14, what is 6dbb + 4b6?
7493
In base 2, what is -1111011111010011111010 - -10?
-1111011111010011111000
In base 12, what is 34 - 183b35?
-183b01
In base 3, what is -2012011102222 + 11210?
-2012011021012
In base 11, what is -9a4 + 3186?
2292
In base 13, what is -638c77 - 9c?
-639046
In base 6, what is 0 - -14343455050?
14343455050
In base 4, what is 3 + -22111210013103?
-22111210013100
In base 2, what is -110110001111001111111 + -10101101?
-110110001111100101100
In base 9, what is -42574064 - -5?
-42574058
In base 7, what is -25462523 - 0?
-25462523
In base 5, what is -3303220004 + -4?
-3303220013
In base 2, what is 10101011111010 + 101001110011?
11010101101101
In base 4, what is 30303133 - -1011202?
31321001
In base 10, what is -1480631 - 1?
-1480632
In base 14, what is 3b6b3 - 34?
3b67d
In base 15, what is -670275 - 5?
-67027a
In base